{"id":593,"date":"2024-09-11T17:10:49","date_gmt":"2024-09-11T23:10:49","guid":{"rendered":"https:\/\/mexicopacific.com\/?page_id=593"},"modified":"2025-01-21T17:11:33","modified_gmt":"2025-01-21T23:11:33","slug":"home","status":"publish","type":"page","link":"https:\/\/mexicopacific.com\/","title":{"rendered":"Inicio"},"content":{"rendered":"<div id=\"cs-content\" class=\"cs-content\"><section class=\"x-section e593-e1 mgh-0 mgh-1 mgh-2 mgh-3 mgh-4\"><div class=\"x-row e593-e2 mgh-c mgh-d mgh-e mgh-f mgh-g mgh-m mgh-n\"><div class=\"x-row-inner\"><div class=\"x-col e593-e3 mgh-t mgh-u mgh-v\"><div class=\"x-div e593-e4 mgh-10 mgh-11 mgh-12 mgh-13 mgh-14 mgh-15 mgh-16 mgh-17 mgh-18 mgh-19\"><a class=\"x-div e593-e5 mgh-10 mgh-14 mgh-17 mgh-18 mgh-1a mgh-1b mgh-1c mgh-1d mgh-1e mgh-1f\" href=\"#prev\" data-x-slide-prev=\"\"><i class=\"x-icon e593-e6 mgh-1o\" aria-hidden=\"true\" data-x-icon-o=\"&#xf177;\"><\/i><\/a><a class=\"x-div e593-e7 mgh-10 mgh-12 mgh-14 mgh-17 mgh-18 mgh-1a mgh-1d mgh-1e mgh-1f mgh-1g\" href=\"#next\" data-x-slide-next=\"\"><i class=\"x-icon e593-e8 mgh-1o\" aria-hidden=\"true\" data-x-icon-o=\"&#xf178;\"><\/i><\/a><\/div><div class=\"x-slide-container-viewport is-loading e593-e9 mgh-1p\" data-x-slide-container=\"{&quot;keyboardNavigation&quot;:true,&quot;autoplayStartInView&quot;:true,&quot;snap&quot;:true,&quot;wrapAround&quot;:true,&quot;int&quot;:&quot;drag off&quot;,&quot;direction&quot;:&quot;forward&quot;,&quot;startingSlide&quot;:1,&quot;pauseOnHover&quot;:true,&quot;autoplay&quot;:&quot;interval&quot;}\"><div class=\"x-slide-container-content\"><div class=\"x-slide-container is-inline is-paged\"><div class=\"x-slide e593-e10 mgh-1q mgh-1r mgh-1s\" data-x-slide=\"\"><div class=\"x-bg\" aria-hidden=\"true\"><div class=\"x-bg-layer-lower-image\" data-x-element-bg-layer=\"{&quot;parallaxSize&quot;:&quot;150%&quot;,&quot;parallaxDir&quot;:&quot;v&quot;,&quot;parallaxRev&quot;:false}\"><\/div><\/div><div class=\"x-div e593-e11 mgh-13 mgh-14 mgh-15 mgh-16 mgh-17 mgh-18 mgh-19 mgh-1h mgh-1i mgh-8 mgh-9 x-effect-exit\" data-x-effect=\"{&quot;scroll&quot;:true,&quot;offsetTop&quot;:&quot;10%&quot;,&quot;offsetBottom&quot;:&quot;10%&quot;,&quot;behaviorScroll&quot;:&quot;fire-once&quot;,&quot;animationEnter&quot;:&quot;pulse&quot;,&quot;animationExit&quot;:&quot;fadeOut&quot;}\"><div class=\"x-bg\" aria-hidden=\"true\"><div class=\"x-bg-layer-lower-image\" data-x-element-bg-layer=\"{&quot;parallaxSize&quot;:&quot;120%&quot;,&quot;parallaxDir&quot;:&quot;h&quot;,&quot;parallaxRev&quot;:false}\"><\/div><\/div><\/div><div class=\"x-div e593-e12 mgh-10 mgh-13 mgh-14 mgh-19 mgh-1a mgh-1b mgh-1i mgh-1j mgh-1k\"><div class=\"x-text x-text-headline e593-e13 mgh-1w mgh-1x mgh-1y mgh-1z mgh-20 mgh-21 mgh-9 mgh-a mgh-b x-effect-exit\" data-x-effect=\"{&quot;scroll&quot;:true,&quot;offsetTop&quot;:&quot;10%&quot;,&quot;offsetBottom&quot;:&quot;10%&quot;,&quot;behaviorScroll&quot;:&quot;fire-once&quot;,&quot;animationEnter&quot;:&quot;slideInDown&quot;,&quot;animationExit&quot;:&quot;fadeOut&quot;}\"><div class=\"x-text-content\"><div class=\"x-text-content-text\"><h1 class=\"x-text-content-text-primary translation-block\">Un futuro m\u00e1s cercano para la seguridad energ\u00e9tica<\/h1>\n<\/div><\/div><\/div><div class=\"x-text x-text-headline e593-e14 mgh-1z mgh-21 mgh-22 mgh-23 mgh-24 mgh-25 mgh-9 mgh-b x-effect-exit\" data-x-effect=\"{&quot;scroll&quot;:true,&quot;offsetTop&quot;:&quot;10%&quot;,&quot;offsetBottom&quot;:&quot;10%&quot;,&quot;behaviorScroll&quot;:&quot;fire-once&quot;,&quot;animationEnter&quot;:&quot;slideInUp&quot;,&quot;animationExit&quot;:&quot;fadeOut&quot;}\"><div class=\"x-text-content\"><div class=\"x-text-content-text\"><h1 class=\"x-text-content-text-primary\">Apoyando la transici\u00f3n energ\u00e9tica global y brindando seguridad energ\u00e9tica.<\/h1>\n<\/div><\/div><\/div><a class=\"x-anchor x-anchor-button has-graphic e593-e15 mgh-2a mgh-2b mgh-2c mgh-2d mgh-2e mgh-9 mgh-b x-effect-exit\" tabindex=\"0\" href=\"\/esp\/about\/\" data-x-effect=\"{&quot;scroll&quot;:true,&quot;offsetTop&quot;:&quot;10%&quot;,&quot;offsetBottom&quot;:&quot;10%&quot;,&quot;behaviorScroll&quot;:&quot;fire-once&quot;,&quot;animationEnter&quot;:&quot;backInUp&quot;,&quot;animationExit&quot;:&quot;backOutDown&quot;}\"><div class=\"x-anchor-content\"><span class=\"x-graphic\" aria-hidden=\"true\"><i class=\"x-icon x-graphic-child x-graphic-icon x-graphic-primary\" aria-hidden=\"true\" data-x-icon-s=\"&#xf178;\"><\/i><\/span><div class=\"x-anchor-text\"><span class=\"x-anchor-text-primary\">Leer m\u00e1s<\/span><\/div><\/div><\/a><\/div><\/div><div class=\"x-slide e593-e16 mgh-1q mgh-1s mgh-1t mgh-1u\" data-x-slide=\"\"><div class=\"x-bg\" aria-hidden=\"true\"><div class=\"x-bg-layer-lower-image\" data-x-element-bg-layer=\"{&quot;parallaxSize&quot;:&quot;150%&quot;,&quot;parallaxDir&quot;:&quot;v&quot;,&quot;parallaxRev&quot;:false}\"><\/div><\/div><div class=\"x-div e593-e17 mgh-13 mgh-14 mgh-15 mgh-16 mgh-17 mgh-18 mgh-19 mgh-1h mgh-1i mgh-8 mgh-9 x-effect-exit\" data-x-effect=\"{&quot;scroll&quot;:true,&quot;offsetTop&quot;:&quot;10%&quot;,&quot;offsetBottom&quot;:&quot;10%&quot;,&quot;behaviorScroll&quot;:&quot;fire-once&quot;,&quot;animationEnter&quot;:&quot;pulse&quot;,&quot;animationExit&quot;:&quot;fadeOut&quot;}\"><div class=\"x-bg\" aria-hidden=\"true\"><div class=\"x-bg-layer-lower-image\" data-x-element-bg-layer=\"{&quot;parallaxSize&quot;:&quot;120%&quot;,&quot;parallaxDir&quot;:&quot;h&quot;,&quot;parallaxRev&quot;:false}\"><\/div><\/div><\/div><div class=\"x-div e593-e18 mgh-10 mgh-13 mgh-14 mgh-19 mgh-1a mgh-1b mgh-1i mgh-1j mgh-1k\"><div class=\"x-text x-text-headline e593-e19 mgh-1w mgh-1y mgh-1z mgh-20 mgh-21 mgh-26 mgh-9 mgh-a mgh-b x-effect-exit\" data-x-effect=\"{&quot;scroll&quot;:true,&quot;offsetTop&quot;:&quot;10%&quot;,&quot;offsetBottom&quot;:&quot;10%&quot;,&quot;behaviorScroll&quot;:&quot;fire-once&quot;,&quot;animationEnter&quot;:&quot;slideInDown&quot;,&quot;animationExit&quot;:&quot;fadeOut&quot;}\"><div class=\"x-text-content\"><div class=\"x-text-content-text\"><h1 class=\"x-text-content-text-primary\">La pr\u00f3xima generaci\u00f3n de GNL en Norteam\u00e9rica<\/h1>\n<\/div><\/div><\/div><div class=\"x-text x-text-headline e593-e20 mgh-1z mgh-21 mgh-22 mgh-23 mgh-24 mgh-25 mgh-9 mgh-b x-effect-exit\" data-x-effect=\"{&quot;scroll&quot;:true,&quot;offsetTop&quot;:&quot;10%&quot;,&quot;offsetBottom&quot;:&quot;10%&quot;,&quot;behaviorScroll&quot;:&quot;fire-once&quot;,&quot;animationEnter&quot;:&quot;slideInUp&quot;,&quot;animationExit&quot;:&quot;fadeOut&quot;}\"><div class=\"x-text-content\"><div class=\"x-text-content-text\"><h1 class=\"x-text-content-text-primary\">Alineado con las prioridades econ\u00f3micas, ambientales y sociales de M\u00e9xico<\/h1>\n<\/div><\/div><\/div><a class=\"x-anchor x-anchor-button has-graphic e593-e21 mgh-2a mgh-2b mgh-2c mgh-2d mgh-2e mgh-9 mgh-b x-effect-exit\" tabindex=\"0\" href=\"\/esp\/saguaro-energia\/\" data-x-effect=\"{&quot;scroll&quot;:true,&quot;offsetTop&quot;:&quot;10%&quot;,&quot;offsetBottom&quot;:&quot;10%&quot;,&quot;behaviorScroll&quot;:&quot;fire-once&quot;,&quot;animationEnter&quot;:&quot;backInUp&quot;,&quot;animationExit&quot;:&quot;backOutDown&quot;}\"><div class=\"x-anchor-content\"><span class=\"x-graphic\" aria-hidden=\"true\"><i class=\"x-icon x-graphic-child x-graphic-icon x-graphic-primary\" aria-hidden=\"true\" data-x-icon-s=\"&#xf178;\"><\/i><\/span><div class=\"x-anchor-text\"><span class=\"x-anchor-text-primary\">Leer m\u00e1s<\/span><\/div><\/div><\/a><\/div><\/div><div class=\"x-slide e593-e22 mgh-1q mgh-1t mgh-1v\" data-x-slide=\"\"><div class=\"x-bg\" aria-hidden=\"true\"><div class=\"x-bg-layer-lower-image\" data-x-element-bg-layer=\"{&quot;parallaxSize&quot;:&quot;150%&quot;,&quot;parallaxDir&quot;:&quot;v&quot;,&quot;parallaxRev&quot;:false}\"><\/div><\/div><div class=\"x-div e593-e23 mgh-13 mgh-14 mgh-15 mgh-16 mgh-17 mgh-18 mgh-19 mgh-1h mgh-1i mgh-8 mgh-9 x-effect-exit\" data-x-effect=\"{&quot;scroll&quot;:true,&quot;offsetTop&quot;:&quot;10%&quot;,&quot;offsetBottom&quot;:&quot;10%&quot;,&quot;behaviorScroll&quot;:&quot;fire-once&quot;,&quot;animationEnter&quot;:&quot;pulse&quot;,&quot;animationExit&quot;:&quot;fadeOut&quot;}\"><div class=\"x-bg\" aria-hidden=\"true\"><div class=\"x-bg-layer-lower-image\" data-x-element-bg-layer=\"{&quot;parallaxSize&quot;:&quot;120%&quot;,&quot;parallaxDir&quot;:&quot;h&quot;,&quot;parallaxRev&quot;:false}\"><\/div><\/div><\/div><div class=\"x-div e593-e24 mgh-10 mgh-13 mgh-14 mgh-19 mgh-1a mgh-1b mgh-1i mgh-1j mgh-1k\"><div class=\"x-text x-text-headline e593-e25 mgh-1x mgh-1y mgh-1z mgh-20 mgh-21 mgh-27 mgh-9 mgh-a mgh-b x-effect-exit\" data-x-effect=\"{&quot;scroll&quot;:true,&quot;offsetTop&quot;:&quot;10%&quot;,&quot;offsetBottom&quot;:&quot;10%&quot;,&quot;behaviorScroll&quot;:&quot;fire-once&quot;,&quot;animationEnter&quot;:&quot;slideInDown&quot;,&quot;animationExit&quot;:&quot;fadeOut&quot;}\"><div class=\"x-text-content\"><div class=\"x-text-content-text\"><h1 class=\"x-text-content-text-primary\">Desarrollando infraestructura energ\u00e9tica de la manera correcta.<\/h1>\n<\/div><\/div><\/div><div class=\"x-text x-text-headline e593-e26 mgh-1w mgh-1z mgh-21 mgh-23 mgh-24 mgh-25 mgh-9 mgh-b x-effect-exit\" data-x-effect=\"{&quot;scroll&quot;:true,&quot;offsetTop&quot;:&quot;10%&quot;,&quot;offsetBottom&quot;:&quot;10%&quot;,&quot;behaviorScroll&quot;:&quot;fire-once&quot;,&quot;animationEnter&quot;:&quot;slideInUp&quot;,&quot;animationExit&quot;:&quot;fadeOut&quot;}\"><div class=\"x-text-content\"><div class=\"x-text-content-text\"><h1 class=\"x-text-content-text-primary\">Nuestro objetivo es mejorar las comunidades en las que trabajamos y vivimos, as\u00ed como el mundo.<\/h1>\n<\/div><\/div><\/div><a class=\"x-anchor x-anchor-button has-graphic e593-e27 mgh-2a mgh-2b mgh-2c mgh-2d mgh-2f mgh-9 mgh-b x-effect-exit\" tabindex=\"0\" href=\"\/esp\/esg\/community\/\" data-x-effect=\"{&quot;scroll&quot;:true,&quot;offsetTop&quot;:&quot;10%&quot;,&quot;offsetBottom&quot;:&quot;10%&quot;,&quot;behaviorScroll&quot;:&quot;fire-once&quot;,&quot;animationEnter&quot;:&quot;backInUp&quot;,&quot;animationExit&quot;:&quot;backOutDown&quot;}\"><div class=\"x-anchor-content\"><span class=\"x-graphic\" aria-hidden=\"true\"><i class=\"x-icon x-graphic-child x-graphic-icon x-graphic-primary\" aria-hidden=\"true\" data-x-icon-s=\"&#xf178;\"><\/i><\/span><div class=\"x-anchor-text\"><span class=\"x-anchor-text-primary\">Leer m\u00e1s<\/span><\/div><\/div><\/a><\/div><\/div><\/div><\/div><\/div><ul class=\"x-slide-pagination is-row e593-e28 mgh-2j\" data-x-slide-pagination=\"\"><\/ul><\/div><\/div><\/div><\/section><div class=\"x-section e593-e29 mgh-0 mgh-1 mgh-4 mgh-5\"><div class=\"x-row e593-e30 mgh-c mgh-g mgh-h mgh-i mgh-j mgh-m mgh-o\"><div class=\"x-row-inner\"><div class=\"x-col e593-e31 mgh-t mgh-w\"><div class=\"x-div e593-e32 mgh-14 mgh-18 mgh-19 mgh-1d mgh-1l\"><div class=\"x-text x-text-headline e593-e33 mgh-1z mgh-20 mgh-25 mgh-28\"><div class=\"x-text-content\"><div class=\"x-text-content-text\"><h1 class=\"x-text-content-text-primary\">Mexico Pacific est\u00e1 desarrollando la planta de GNL Saguaro Energ\u00eda y el gasoducto asociado Sierra Madre. Estos proyectos constituyen la mayor inversi\u00f3n privada en M\u00e9xico y, juntos, forman un pilar fundamental del Plan Sonora que promueve el desarrollo de energ\u00edas limpias, la inversi\u00f3n y la prosperidad econ\u00f3mica para la regi\u00f3n.<\/h1>\n<\/div><\/div><\/div><a class=\"x-anchor x-anchor-button has-graphic e593-e34 mgh-2a mgh-2c mgh-2g mgh-2h\" tabindex=\"0\" href=\"https:\/\/youtu.be\/O6Ky7V6tuMI\" target=\"_blank\" rel=\"noopener noreferrer\"><div class=\"x-anchor-content\"><span class=\"x-graphic\" aria-hidden=\"true\"><i class=\"x-icon x-graphic-child x-graphic-icon x-graphic-primary\" aria-hidden=\"true\" data-x-icon-s=\"&#xf178;\"><\/i><\/span><div class=\"x-anchor-text\"><span class=\"x-anchor-text-primary\">Conoce m\u00e1s<\/span><\/div><\/div><\/a><div class=\"x-row e593-e35 mgh-c mgh-e mgh-i mgh-j mgh-k mgh-l mgh-p mgh-q\"><div class=\"x-row-inner\"><a class=\"x-col e593-e36 mgh-t mgh-x\" href=\"\/esp\/saguaro-lng\/saguaro-energia\/\"><span class=\"x-image e593-e37 mgh-2k mgh-2l\"><img decoding=\"async\" src=\"https:\/\/mexicopacific.com\/wp-content\/uploads\/2023\/07\/saguaro-esp-e1690388944808.jpg\" width=\"328\" height=\"193\" alt=\"Image\" loading=\"lazy\"><\/span><\/a><a class=\"x-col e593-e38 mgh-t mgh-x\" href=\"\/esp\/sierra-madre-pipeline\/\"><span class=\"x-image e593-e39 mgh-2k mgh-2m\"><img decoding=\"async\" src=\"https:\/\/mexicopacific.com\/wp-content\/uploads\/2024\/05\/SIE_Horizontal_Logo_RBG_white.png\" width=\"688\" height=\"437\" alt=\"Image\" loading=\"lazy\"><\/span><\/a><\/div><\/div><\/div><\/div><div class=\"x-col e593-e40 mgh-t mgh-v mgh-y\"><div class=\"x-bg\" aria-hidden=\"true\"><div class=\"x-bg-layer-upper-image\"><\/div><\/div><div class=\"x-div e593-e41 mgh-14 mgh-15 mgh-17 mgh-18 mgh-19 mgh-1d mgh-1i mgh-1k mgh-1m aqua1g-lt\"><\/div><\/div><\/div><\/div><\/div><section class=\"x-section e593-e42 mgh-0 mgh-3 mgh-6\"><div class=\"x-bg\" aria-hidden=\"true\"><div class=\"x-bg-layer-upper-image\" data-x-element-bg-layer=\"{&quot;parallaxSize&quot;:&quot;150%&quot;,&quot;parallaxDir&quot;:&quot;v&quot;,&quot;parallaxRev&quot;:false}\"><\/div><\/div><div class=\"x-row x-container max width e593-e43 mgh-c mgh-d mgh-e mgh-j mgh-l mgh-p mgh-r\"><div class=\"x-row-inner\"><div class=\"x-col e593-e44 mgh-t mgh-v mgh-z\"><div class=\"x-div e593-e45 mgh-14 mgh-19 mgh-1d mgh-1e mgh-1n\"><div class=\"x-text x-content e593-e46 mgh-2n mgh-2o\"><p>Estamos comprometidos a ofrecer una infraestructura de clase mundial para mejorar la seguridad energ\u00e9tica global, reducir las emisiones y mejorar la calidad de vida. Nuestro proyecto principal, la instalaci\u00f3n de exportaci\u00f3n de GNL Saguaro Energ\u00eda en M\u00e9xico, ejemplifica un desarrollo responsable, alineado con las prioridades econ\u00f3micas, ambientales y sociales de M\u00e9xico. La instalaci\u00f3n est\u00e1 estrat\u00e9gicamente ubicada para un acceso eficiente al gas natural de EE. UU. y ofrece rutas de env\u00edo m\u00e1s cortas hacia Asia, evitando el Canal de Panam\u00e1, y operar\u00e1 en un puerto libre de eventos clim\u00e1ticos de alto riesgo.<\/p><\/div><a class=\"x-anchor x-anchor-button has-graphic e593-e47 mgh-2a mgh-2d mgh-2g mgh-2i\" tabindex=\"0\" href=\"\/esp\/about\/\"><div class=\"x-anchor-content\"><span class=\"x-graphic\" aria-hidden=\"true\"><i class=\"x-icon x-graphic-child x-graphic-icon x-graphic-primary\" aria-hidden=\"true\" data-x-icon-s=\"&#xf178;\"><\/i><\/span><div class=\"x-anchor-text\"><span class=\"x-anchor-text-primary\">Leer m\u00e1s<\/span><\/div><\/div><\/a><\/div><\/div><\/div><\/div><\/section><div class=\"x-section e593-e48 mgh-0 mgh-4 mgh-7\"><div class=\"x-row x-container max width e593-e49 mgh-c mgh-d mgh-e mgh-g mgh-j mgh-m mgh-s\"><div class=\"x-row-inner\"><div class=\"x-col e593-e50 mgh-t mgh-v\"><div class=\"x-text x-text-headline e593-e51 mgh-1z mgh-24 mgh-29\"><div class=\"x-text-content\"><div class=\"x-text-content-text\"><h1 class=\"x-text-content-text-primary\">En las noticias<\/h1>\n<\/div><\/div><\/div><div class=\"x-text x-content e593-e52 mgh-2n mgh-2p\"><p><!-- The Grid Plugin Version 2.7.9.1 --><div class=\"tg-error-msg\" data-grid-name=\"Press-Releases-carousel\">No post was found with your current grid settings.&#xa;You should verify if you have posts inside the current selected post type(s) and if the meta key filter is not too much restrictive.<\/div><\/p><\/div><\/div><\/div><\/div><\/div><\/div>","protected":false},"excerpt":{"rendered":"<p>A closer future for energy security Supporting the global energy transition and providing energy security Read MoreNorth America&#8217;s next generation of LNG Aligned with the economic, environmental, and social priorities of Mexico Read MoreDeveloping energy infrastructure &#8211; the right way. We aim to make the communities in which we work and live, and the world, a better place. Read MoreMexico &#8230;<\/p>","protected":false},"author":4,"featured_media":0,"parent":0,"menu_order":0,"comment_status":"closed","ping_status":"closed","template":"template-blank-4.php","meta":{"footnotes":""},"class_list":["post-593","page","type-page","status-publish","format-standard","hentry","no-post-thumbnail"],"featured_image_src":null,"featured_image_src_square":null,"_links":{"self":[{"href":"https:\/\/mexicopacific.com\/esp\/wp-json\/wp\/v2\/pages\/593","targetHints":{"allow":["GET"]}}],"collection":[{"href":"https:\/\/mexicopacific.com\/esp\/wp-json\/wp\/v2\/pages"}],"about":[{"href":"https:\/\/mexicopacific.com\/esp\/wp-json\/wp\/v2\/types\/page"}],"author":[{"embeddable":true,"href":"https:\/\/mexicopacific.com\/esp\/wp-json\/wp\/v2\/users\/4"}],"replies":[{"embeddable":true,"href":"https:\/\/mexicopacific.com\/esp\/wp-json\/wp\/v2\/comments?post=593"}],"version-history":[{"count":0,"href":"https:\/\/mexicopacific.com\/esp\/wp-json\/wp\/v2\/pages\/593\/revisions"}],"wp:attachment":[{"href":"https:\/\/mexicopacific.com\/esp\/wp-json\/wp\/v2\/media?parent=593"}],"curies":[{"name":"wp","href":"https:\/\/api.w.org\/{rel}","templated":true}]}}