{"id":344,"date":"2022-11-04T11:28:11","date_gmt":"2022-11-04T16:28:11","guid":{"rendered":"https:\/\/mexicopacific.com\/join-us-copy\/"},"modified":"2025-01-21T17:12:38","modified_gmt":"2025-01-21T23:12:38","slug":"join-us-2","status":"publish","type":"page","link":"https:\/\/mexicopacific.com\/esp\/join-us-2\/","title":{"rendered":"\u00danete"},"content":{"rendered":"<div id=\"cs-content\" class=\"cs-content\"><div class=\"x-section e344-e1 m9k-0 m9k-1\"><div class=\"x-row e344-e2 m9k-5 m9k-6 m9k-8 m9k-9\"><div class=\"x-bg\" aria-hidden=\"true\"><div class=\"x-bg-layer-upper-image\" data-x-element-bg-layer=\"{&quot;parallaxSize&quot;:&quot;150%&quot;,&quot;parallaxDir&quot;:&quot;v&quot;,&quot;parallaxRev&quot;:false}\" style=\" background-image: url(https:\/\/mexicopacific.com\/wp-content\/uploads\/2022\/07\/careers.jpg); background-repeat: no-repeat; background-position: right top; background-size: cover;\"><\/div><\/div><div class=\"x-row-inner\"><div class=\"x-col e344-e3 m9k-c m9k-d\"><div class=\"x-div e344-e4 m9k-e back\"><div class=\"x-text x-text-headline e344-e5 m9k-f m9k-g m9k-h\"><div class=\"x-text-content\"><div class=\"x-text-content-text\"><h1 class=\"x-text-content-text-primary\">\u00danete<\/h1>\n<\/div><\/div><\/div><\/div><\/div><\/div><\/div><\/div><div class=\"x-section e344-e6 m9k-0 m9k-2 m9k-3\"><div class=\"x-row x-container max width e344-e7 m9k-5 m9k-7 m9k-8 m9k-a\"><div class=\"x-row-inner\"><div class=\"x-col e344-e8 m9k-d\"><div class=\"x-text x-text-headline e344-e9 m9k-g m9k-i\"><div class=\"x-text-content\"><div class=\"x-text-content-text\"><h1 class=\"x-text-content-text-primary\">Estamos buscando individuos de mentalidad similar, altamente competentes y enfocados en entregar con integridad.<\/h1>\n<\/div><\/div><\/div><div class=\"x-text x-content e344-e10 m9k-k\"><p style=\"font-weight: 400;\">\u00danete a nuestro equipo para trabajar con los mejores en la industria del GNL y experimentar un entorno din\u00e1mico, colaborativo e inclusivo que fomenta la creatividad y la innovaci\u00f3n.<\/p><\/div><\/div><\/div><\/div><\/div><div class=\"x-section e344-e11 m9k-0 m9k-3 m9k-4\"><div class=\"x-row x-container max width e344-e12 m9k-5 m9k-6 m9k-8 m9k-b\"><div class=\"x-row-inner\"><div class=\"x-col e344-e13 m9k-d\"><div class=\"x-text x-text-headline e344-e14 m9k-g m9k-h m9k-j\"><div class=\"x-text-content\"><div class=\"x-text-content-text\"><h1 class=\"x-text-content-text-primary\">\u00danete a nuestra comunidad<\/h1>\n<\/div><\/div><\/div><div class=\"x-form-integration x-form-integration-wpforms e344-e15 m9k-l\"><div class=\"wpforms-container wpforms-container-full\" id=\"wpforms-636\"><form id=\"wpforms-form-636\" class=\"wpforms-validate wpforms-form wpforms-ajax-form\" data-formid=\"636\" method=\"post\" enctype=\"multipart\/form-data\" action=\"\/esp\/wp-json\/wp\/v2\/pages\/344?wpforms_form_id=636\" data-token=\"65c39210eb4b3ad9de3089748eae44e2\" data-token-time=\"1775640622\" data-trp-original-action=\"\/esp\/wp-json\/wp\/v2\/pages\/344?wpforms_form_id=636\"><noscript class=\"wpforms-error-noscript\">Por favor, activa JavaScript en tu navegador para completar este formulario.<\/noscript><div class=\"wpforms-field-container\"><div id=\"wpforms-636-field_0-container\" class=\"wpforms-field wpforms-field-name\" data-field-id=\"0\"><label class=\"wpforms-field-label wpforms-label-hide\" for=\"wpforms-636-field_0\">Nombre <span class=\"wpforms-required-label\">*<\/span><\/label><div class=\"wpforms-field-row wpforms-field-large\"><div class=\"wpforms-field-row-block wpforms-first wpforms-one-half\"><input type=\"text\" id=\"wpforms-636-field_0\" class=\"wpforms-field-name-first wpforms-field-required\" name=\"wpforms[fields][0][first]\" placeholder=\"Nombre\" required><label for=\"wpforms-636-field_0\" class=\"wpforms-field-sublabel after wpforms-sublabel-hide\">Nombre<\/label><\/div><div class=\"wpforms-field-row-block wpforms-one-half\"><input type=\"text\" id=\"wpforms-636-field_0-last\" class=\"wpforms-field-name-last wpforms-field-required\" name=\"wpforms[fields][0][last]\" placeholder=\"Apellidos\" required><label for=\"wpforms-636-field_0-last\" class=\"wpforms-field-sublabel after wpforms-sublabel-hide\">Apellidos<\/label><\/div><\/div><\/div><div id=\"wpforms-636-field_4-container\" class=\"wpforms-field wpforms-field-phone\" data-field-id=\"4\"><label class=\"wpforms-field-label wpforms-label-hide\" for=\"wpforms-636-field_4\">Tel\u00e9fono<\/label><input type=\"tel\" id=\"wpforms-636-field_4\" class=\"wpforms-field-large wpforms-smart-phone-field\" data-rule-smart-phone-field=\"true\" name=\"wpforms[fields][4]\" placeholder=\"Tel\u00e9fono\" aria-label=\"Tel\u00e9fono\" ><\/div><div id=\"wpforms-636-field_1-container\" class=\"wpforms-field wpforms-field-email\" data-field-id=\"1\"><label class=\"wpforms-field-label wpforms-label-hide\" for=\"wpforms-636-field_1\">Correo electr\u00f3nico <span class=\"wpforms-required-label\">*<\/span><\/label><input type=\"email\" id=\"wpforms-636-field_1\" class=\"wpforms-field-large wpforms-field-required\" name=\"wpforms[fields][1]\" placeholder=\"Correo electr\u00f3nico\" spellcheck=\"false\" required><\/div><div id=\"wpforms-636-field_7-container\" class=\"wpforms-field wpforms-field-select wpforms-field-select-style-classic\" data-field-id=\"7\"><label class=\"wpforms-field-label\" for=\"wpforms-636-field_7\">Puesto de inter\u00e9s<\/label><select id=\"wpforms-636-field_7\" class=\"wpforms-field-large\" name=\"wpforms[fields][7]\"><option value=\"\" class=\"placeholder\" disabled selected='selected'>Elija uno<\/option><option value=\"Administration\" >Administraci\u00f3n<\/option><option value=\"Gas Supply\" >Suministro de gas<\/option><option value=\"Commercial Strategy\" >Suministro de gas<\/option><option value=\"Commercial Marketing\" >Estrategia comercial<\/option><option value=\"Government &amp; External Affairs\" >Asuntos gubernamentales y externos<\/option><option value=\"Business Development\" >Desarrollo de negocios<\/option><option value=\"Pipeline engineering &amp; construction\" >Ingenier\u00eda y construcci\u00f3n de gasoductos<\/option><option value=\"LNG engineering &amp; construction\" >Ingenier\u00eda y construcci\u00f3n de GNL<\/option><option value=\"Finance\" >Finanzas<\/option><\/select><\/div><div id=\"wpforms-636-field_3-container\" class=\"wpforms-field wpforms-field-file-upload choose-file\" data-field-id=\"3\"><label class=\"wpforms-field-label\" for=\"wpforms-636-field_3\">Sube tu curr\u00edculum para unirte a nuestra comunidad de talento<\/label><input type=\"file\" id=\"wpforms-636-field_3\" data-rule-extension=\"pdf,docx,doc\" data-rule-maxsize=\"5242880\" name=\"wpforms_636_3\" accept=\".pdf,.docx,.doc\" ><div class=\"wpforms-field-description\">Adjuntar un documento PDF o Word<\/div><\/div><div id=\"wpforms-636-field_2-container\" class=\"wpforms-field wpforms-field-textarea\" data-field-id=\"2\"><label class=\"wpforms-field-label wpforms-label-hide\" for=\"wpforms-636-field_2\">Resume Text<\/label><textarea id=\"wpforms-636-field_2\" class=\"wpforms-field-medium\" name=\"wpforms[fields][2]\" placeholder=\"Comentarios\" ><\/textarea><\/div><\/div><!-- .wpforms-field-container --><div class=\"wpforms-recaptcha-container wpforms-is-recaptcha wpforms-is-recaptcha-type-invisible\" ><div class=\"g-recaptcha\" data-sitekey=\"6Lcp-K8iAAAAAP6vJbo2fK4x4pdl_91-gaNC0d91\" data-size=\"invisible\"><\/div><\/div><div class=\"wpforms-submit-container\" ><input type=\"hidden\" name=\"wpforms[id]\" value=\"636\"><input type=\"hidden\" name=\"page_title\" value=\"\"><input type=\"hidden\" name=\"page_url\" value=\"https:\/\/mexicopacific.com\/esp\/wp-json\/wp\/v2\/pages\/344\"><input type=\"hidden\" name=\"url_referer\" value=\"\"><button type=\"submit\" name=\"wpforms[submit]\" id=\"wpforms-submit-636\" class=\"wpforms-submit\" data-alt-text=\"Sending...\" data-submit-text=\"Submit\" aria-live=\"assertive\" value=\"wpforms-submit\">Enviar<\/button><img loading=\"lazy\" decoding=\"async\" src=\"https:\/\/mexicopacific.com\/wp-content\/plugins\/wpforms\/assets\/images\/submit-spin.svg\" class=\"wpforms-submit-spinner\" style=\"display: none;\" width=\"26\" height=\"26\" alt=\"Cargando\"><\/div><input type=\"hidden\" name=\"trp-form-language\" value=\"esp\"\/><\/form><\/div>  <!-- .wpforms-container --><\/div><\/div><div class=\"x-col e344-e16 m9k-d\"><\/div><\/div><\/div><\/div><\/div>","protected":false},"excerpt":{"rendered":"<p>Join Us We are looking for like-minded high-performing individuals focused on delivering with integrity. Join our team to work with the best in the LNG industry and experience a fast-paced, collaborative, and inclusive environment that encourages creativity and innovation.Join our talent community Por favor, activa JavaScript en tu navegador para completar este formulario.Name *NombreApellidosPhoneEmail *Position of interestChooseAdministrationGas SupplyCommercial StrategyCommercial MarketingGovernment &#8230;<\/p>","protected":false},"author":4,"featured_media":0,"parent":0,"menu_order":0,"comment_status":"closed","ping_status":"closed","template":"template-blank-4.php","meta":{"footnotes":""},"class_list":["post-344","page","type-page","status-publish","format-standard","hentry","no-post-thumbnail"],"featured_image_src":null,"featured_image_src_square":null,"_links":{"self":[{"href":"https:\/\/mexicopacific.com\/esp\/wp-json\/wp\/v2\/pages\/344","targetHints":{"allow":["GET"]}}],"collection":[{"href":"https:\/\/mexicopacific.com\/esp\/wp-json\/wp\/v2\/pages"}],"about":[{"href":"https:\/\/mexicopacific.com\/esp\/wp-json\/wp\/v2\/types\/page"}],"author":[{"embeddable":true,"href":"https:\/\/mexicopacific.com\/esp\/wp-json\/wp\/v2\/users\/4"}],"replies":[{"embeddable":true,"href":"https:\/\/mexicopacific.com\/esp\/wp-json\/wp\/v2\/comments?post=344"}],"version-history":[{"count":0,"href":"https:\/\/mexicopacific.com\/esp\/wp-json\/wp\/v2\/pages\/344\/revisions"}],"wp:attachment":[{"href":"https:\/\/mexicopacific.com\/esp\/wp-json\/wp\/v2\/media?parent=344"}],"curies":[{"name":"wp","href":"https:\/\/api.w.org\/{rel}","templated":true}]}}