{"id":292,"date":"2022-08-10T11:22:54","date_gmt":"2022-08-10T16:22:54","guid":{"rendered":"https:\/\/saguaroenergia.com\/project\/permitting-copy\/"},"modified":"2025-01-21T17:13:32","modified_gmt":"2025-01-21T23:13:32","slug":"strategic-location","status":"publish","type":"page","link":"https:\/\/mexicopacific.com\/esp\/strategic-location\/","title":{"rendered":"Ubicaci\u00f3n estrat\u00e9gica"},"content":{"rendered":"<div id=\"cs-content\" class=\"cs-content\"><div class=\"x-section e292-e1 m84-0 m84-1 m84-2 m84-3\"><div class=\"x-row e292-e2 m84-b m84-c m84-d m84-e m84-f m84-g m84-m m84-n\"><div class=\"x-row-inner\"><div class=\"x-col e292-e3 m84-u m84-v m84-w m84-x m84-y m84-z\"><div class=\"x-bg\" aria-hidden=\"true\"><div class=\"x-bg-layer-lower-image\" data-x-element-bg-layer=\"{&quot;parallaxSize&quot;:&quot;150%&quot;,&quot;parallaxDir&quot;:&quot;v&quot;,&quot;parallaxRev&quot;:false}\"><\/div><\/div><div class=\"x-div e292-e4 m84-18 m84-19 m84-1a back\"><div class=\"x-text x-text-headline e292-e5 m84-1m m84-1n m84-1o\"><div class=\"x-text-content\"><div class=\"x-text-content-text\"><h1 class=\"x-text-content-text-primary\">Ubicaci\u00f3n estrat\u00e9gica<\/h1>\n<\/div><\/div><\/div><\/div><div class=\"x-div e292-e6 m84-18 m84-1b m84-1c m84-1d m84-1e m84-1f m84-a .efecto x-effect-exit\" data-x-effect=\"{&quot;scroll&quot;:true,&quot;offsetTop&quot;:&quot;10%&quot;,&quot;offsetBottom&quot;:&quot;10%&quot;,&quot;behaviorScroll&quot;:&quot;fire-once&quot;,&quot;animationEnter&quot;:&quot;pulse&quot;,&quot;animationExit&quot;:&quot;swing&quot;}\"><div class=\"x-bg\" aria-hidden=\"true\"><div class=\"x-bg-layer-lower-image\" data-x-element-bg-layer=\"{&quot;parallaxSize&quot;:&quot;120%&quot;,&quot;parallaxDir&quot;:&quot;h&quot;,&quot;parallaxRev&quot;:false}\"><\/div><\/div><\/div><\/div><\/div><\/div><\/div><div class=\"x-section e292-e7 m84-1 m84-2 m84-4 m84-5 m84-6\"><div class=\"x-row x-container max width e292-e8 m84-c m84-h m84-i m84-j m84-k m84-o m84-p\"><div class=\"x-row-inner\"><div class=\"x-col e292-e9 m84-v m84-10 m84-11\"><div class=\"x-div e292-e10 m84-18 m84-1e m84-1g m84-1h\"><div class=\"x-text x-text-headline e292-e11 m84-1n m84-1p\"><div class=\"x-text-content\"><div class=\"x-text-content-text\"><h1 class=\"x-text-content-text-primary\">La ubicaci\u00f3n privilegiada de Saguaro Energ\u00eda provee un puente para conectar el gas natural de bajo costo de Estados Unidos con los usuarios finales en Asia, al licuar el gas proveniente de la Cuenca P\u00e9rmica de Texas en la planta de Puerto Libertad, en la costa oeste de M\u00e9xico.<\/h1>\n<\/div><\/div><\/div><div class=\"x-text x-content e292-e12 m84-1s m84-1t m84-1u m84-1v\"><p>Al tener un punto de licuefacci\u00f3n mucho m\u00e1s cercano a los mayores mercados de GNL del mundo, los costos de env\u00edo se reducen a m\u00e1s de la mitad y se elimina por completo el riesgo del Canal de Panam\u00e1.<\/p>\n<p>Al aprovechar esta ubicaci\u00f3n estrat\u00e9gica de licuefacci\u00f3n, Mexico Pacific puede ofrecer el precio m\u00e1s bajo del GNL en Asia una vez que llega al destino final.<\/p>\n<p>La ubicaci\u00f3n del proyecto tambi\u00e9n proporciona una ruta de tr\u00e1nsito sin tr\u00e1fico, con canales de navegaci\u00f3n amplios capaces de acomodar los buques de GNL m\u00e1s grandes, un puerto naturalmente profundo que elimina la necesidad de dragado y un puerto dedicado que garantiza operaciones de atraque eficiente.<\/p><\/div><\/div><\/div><div class=\"x-col e292-e13 m84-v m84-10 m84-12 m84-13\"><div class=\"x-div e292-e14 m84-18 m84-1e m84-1g m84-1i\"><div class=\"x-text x-content e292-e15 m84-1s m84-1t m84-1w m84-1x\">\"Este proyecto dispone de la m\u00e1s prol\u00edfica cuenca de gas estadounidense de bajo costo en su patio trasero y, de la sala de m\u00e1quinas para el crecimiento de la demanda de GNL, en su patio delantero. Eso es incre\u00edblemente \u00fanico\".<\/div><\/div><\/div><\/div><\/div><\/div><div class=\"x-section e292-e16 m84-1 m84-3 m84-4 m84-7 m84-8\"><div class=\"x-bg\" aria-hidden=\"true\"><div class=\"x-bg-layer-lower-image\"><\/div><\/div><div class=\"x-row x-container max width e292-e17 m84-c m84-d m84-e m84-f m84-g m84-m m84-q\"><div class=\"x-row-inner\"><div class=\"x-col e292-e18 m84-v m84-y m84-14\"><\/div><\/div><\/div><\/div><div class=\"x-section e292-e19 m84-1 m84-2 m84-4 m84-6\"><div class=\"x-row e292-e20 m84-c m84-d m84-e m84-j m84-k m84-o m84-r\"><div class=\"x-row-inner\"><div class=\"x-col e292-e21 m84-v m84-x m84-y m84-z m84-15\"><div class=\"x-bg\" aria-hidden=\"true\"><div class=\"x-bg-layer-lower-image\" data-x-element-bg-layer=\"{&quot;parallaxSize&quot;:&quot;115%&quot;,&quot;parallaxDir&quot;:&quot;v&quot;,&quot;parallaxRev&quot;:false}\"><\/div><\/div><div class=\"x-div e292-e22 m84-18 m84-1b m84-1c m84-1j\"><div class=\"x-div e292-e23 m84-18 m84-1b m84-1d m84-1e m84-1k greeng-lb\"><\/div><div class=\"x-text x-text-headline e292-e24 m84-1n m84-1o m84-1q\"><div class=\"x-text-content\"><div class=\"x-text-content-text\"><h1 class=\"x-text-content-text-primary\">Nuevo suministro de GNL a Asia<\/h1>\n<\/div><\/div><\/div><\/div><\/div><\/div><\/div><\/div><div class=\"x-section e292-e25 m84-1 m84-4 m84-6 m84-7 m84-9\"><div class=\"x-row x-container max width e292-e26 m84-c m84-d m84-e m84-g m84-j m84-m m84-s\"><div class=\"x-row-inner\"><div class=\"x-col e292-e27 m84-v m84-13 m84-16\"><div class=\"x-text x-text-headline e292-e28 m84-1n m84-1p m84-1r\"><div class=\"x-text-content\"><div class=\"x-text-content-text\"><h1 class=\"x-text-content-text-primary\">Las excepcionales bases de nuestro proyecto proporcionan un suministro confiable de GNL desembarcado en Asia a un precio mundial competitivo.<\/h1>\n<\/div><\/div><\/div><div class=\"x-text x-content e292-e29 m84-1s m84-1t m84-1u m84-1v\"><p>Saguaro Energ\u00eda tiene acceso a la cercana y prol\u00edfica Cuenca P\u00e9rmica, que cuenta con m\u00e1s de 600 TCF (trillones de pies c\u00fabicos) de recursos de gas natural disponibles, evitando el Canal de Panam\u00e1 y garantizando la seguridad energ\u00e9tica durante d\u00e9cadas.<\/p><\/div><\/div><\/div><\/div><div class=\"x-row x-container max width e292-e30 m84-c m84-e m84-g m84-h m84-j m84-l m84-m m84-t\"><div class=\"x-row-inner\"><div class=\"x-col e292-e31 m84-u m84-v m84-y m84-z m84-17\"><div class=\"x-bg\" aria-hidden=\"true\"><div class=\"x-bg-layer-lower-image\"><\/div><\/div><div class=\"x-div e292-e32 m84-18 m84-1a m84-1c m84-1l\"><div class=\"x-text x-content e292-e33 m84-1t m84-1u m84-1x m84-1y\">\u201cM\u00e9xico se perfila como el pr\u00f3ximo hub de suministro de GNL y Saguaro Energ\u00eda ofrece los <strong>fundamentos b\u00e1sicos excepcionales,<\/strong> proximidad a Asia y condiciones de contrataci\u00f3n altamente flexibles; al tiempo que aborda la seguridad energ\u00e9tica y atiende los objetivos globales del cambio clim\u00e1tico.\"<\/div><\/div><\/div><\/div><\/div><\/div><\/div>","protected":false},"excerpt":{"rendered":"<p>Strategic Location Saguaro Energia\u2019s advantaged location provides a bridge to connect low-cost US natural gas with end-users in Asia, liquiefying the gas from the Permian Basin in Texas, in the plant at Puerto Libertad on the west coast of Mexico. With a liquefaction point much closer to the world&rsquo;s largest LNG markets, shipping costs are more than halved and Panama &#8230;<\/p>","protected":false},"author":4,"featured_media":0,"parent":0,"menu_order":3,"comment_status":"closed","ping_status":"closed","template":"template-blank-4.php","meta":{"footnotes":""},"class_list":["post-292","page","type-page","status-publish","format-standard","hentry","no-post-thumbnail"],"featured_image_src":null,"featured_image_src_square":null,"_links":{"self":[{"href":"https:\/\/mexicopacific.com\/esp\/wp-json\/wp\/v2\/pages\/292","targetHints":{"allow":["GET"]}}],"collection":[{"href":"https:\/\/mexicopacific.com\/esp\/wp-json\/wp\/v2\/pages"}],"about":[{"href":"https:\/\/mexicopacific.com\/esp\/wp-json\/wp\/v2\/types\/page"}],"author":[{"embeddable":true,"href":"https:\/\/mexicopacific.com\/esp\/wp-json\/wp\/v2\/users\/4"}],"replies":[{"embeddable":true,"href":"https:\/\/mexicopacific.com\/esp\/wp-json\/wp\/v2\/comments?post=292"}],"version-history":[{"count":0,"href":"https:\/\/mexicopacific.com\/esp\/wp-json\/wp\/v2\/pages\/292\/revisions"}],"wp:attachment":[{"href":"https:\/\/mexicopacific.com\/esp\/wp-json\/wp\/v2\/media?parent=292"}],"curies":[{"name":"wp","href":"https:\/\/api.w.org\/{rel}","templated":true}]}}